{"id":1013,"date":"2025-04-02T11:40:58","date_gmt":"2025-04-02T11:40:58","guid":{"rendered":"https:\/\/libreriapiemontese.com\/?post_type=product&#038;p=1013"},"modified":"2025-04-02T11:40:58","modified_gmt":"2025-04-02T11:40:58","slug":"lorenss-l-suicida","status":"publish","type":"product","link":"https:\/\/libreriapiemontese.com\/?product=lorenss-l-suicida","title":{"rendered":"Lorenss &#8216;l suicida"},"content":{"rendered":"<p>Lorenss &#8216;l suicida apparve la prima volta a puntate sulla &#8220;Gaseta d&#8217;Gianduja&#8221; del 1866 col titolo &#8220;COS VAL-LO N?OM MORT?&#8221;.<br \/>\nOra viene pubblicato dal titolo definitivo impostogli dallo stesso Pietracqua nella edizione del 1889.<br \/>\nIl testo \u00e8 corredato da notizie bibliografiche ed esaurienti note, tanto a pi\u00e8 pagina che finali, ed \u00e8 preceduto da un ampio saggio introduttivo di Giovanni Tesio.<\/p>\n","protected":false},"excerpt":{"rendered":"<p>Lorenss &#8216;l suicida apparve la prima volta a puntate sulla &#8220;Gaseta d&#8217;Gianduja&#8221; del 1866 col titolo &#8220;COS VAL-LO N?OM MORT?&#8221;.<\/p>\n","protected":false},"featured_media":1014,"comment_status":"open","ping_status":"closed","template":"","meta":{"_acf_changed":false,"_et_pb_use_builder":"","_et_pb_old_content":"","_et_gb_content_width":""},"autore":[410,393],"casa-editirice":[397],"product_brand":[],"product_cat":[40,37],"product_tag":[409,392],"class_list":{"0":"post-1013","1":"product","2":"type-product","3":"status-publish","4":"has-post-thumbnail","6":"autore-lorenss-l-suicida","7":"autore-luigi-pietracqua","8":"casa-editirice-viglongo-co","9":"product_cat-romanzo","10":"product_cat-storico","11":"product_tag-lorenss-l-suicida","12":"product_tag-luigi-pietracqua","14":"first","15":"instock","16":"shipping-taxable","17":"purchasable","18":"product-type-simple"},"acf":[],"yoast_head":"<!-- This site is optimized with the Yoast SEO plugin v24.7 - https:\/\/yoast.com\/wordpress\/plugins\/seo\/ -->\n<title>Lorenss &#039;l suicida - Libreria Piemontese<\/title>\n<meta name=\"description\" content=\"Lorenss &#039;l suicida apparve la prima volta a puntate sulla &quot;Gaseta d&#039;Gianduja&quot; del 1866 col titolo &quot;COS VAL-LO N?OM MORT?&quot;.\" \/>\n<meta name=\"robots\" content=\"index, follow, max-snippet:-1, max-image-preview:large, max-video-preview:-1\" \/>\n<link rel=\"canonical\" href=\"https:\/\/libreriapiemontese.com\/?product=lorenss-l-suicida\" \/>\n<meta property=\"og:locale\" content=\"it_IT\" \/>\n<meta property=\"og:type\" content=\"article\" \/>\n<meta property=\"og:title\" content=\"Lorenss &#039;l suicida - Libreria Piemontese\" \/>\n<meta property=\"og:description\" content=\"Lorenss &#039;l suicida apparve la prima volta a puntate sulla &quot;Gaseta d&#039;Gianduja&quot; del 1866 col titolo &quot;COS VAL-LO N?OM MORT?&quot;.\" \/>\n<meta property=\"og:url\" content=\"https:\/\/libreriapiemontese.com\/?product=lorenss-l-suicida\" \/>\n<meta property=\"og:site_name\" content=\"Libreria Piemontese\" \/>\n<meta property=\"og:image\" content=\"https:\/\/libreriapiemontese.com\/wp-content\/uploads\/2025\/04\/91lNPkJOmML._SY466_.jpg\" \/>\n\t<meta property=\"og:image:width\" content=\"319\" \/>\n\t<meta property=\"og:image:height\" content=\"466\" \/>\n\t<meta property=\"og:image:type\" content=\"image\/jpeg\" \/>\n<meta name=\"twitter:card\" content=\"summary_large_image\" \/>\n<meta name=\"twitter:label1\" content=\"Tempo di lettura stimato\" \/>\n\t<meta name=\"twitter:data1\" content=\"1 minuto\" \/>\n<script type=\"application\/ld+json\" class=\"yoast-schema-graph\">{\"@context\":\"https:\/\/schema.org\",\"@graph\":[{\"@type\":\"WebPage\",\"@id\":\"https:\/\/libreriapiemontese.com\/?product=lorenss-l-suicida\",\"url\":\"https:\/\/libreriapiemontese.com\/?product=lorenss-l-suicida\",\"name\":\"Lorenss 'l suicida - Libreria Piemontese\",\"isPartOf\":{\"@id\":\"https:\/\/libreriapiemontese.com\/#website\"},\"primaryImageOfPage\":{\"@id\":\"https:\/\/libreriapiemontese.com\/?product=lorenss-l-suicida#primaryimage\"},\"image\":{\"@id\":\"https:\/\/libreriapiemontese.com\/?product=lorenss-l-suicida#primaryimage\"},\"thumbnailUrl\":\"https:\/\/libreriapiemontese.com\/wp-content\/uploads\/2025\/04\/91lNPkJOmML._SY466_.jpg\",\"datePublished\":\"2025-04-02T11:40:58+00:00\",\"description\":\"Lorenss 'l suicida apparve la prima volta a puntate sulla \\\"Gaseta d'Gianduja\\\" del 1866 col titolo \\\"COS VAL-LO N?OM MORT?\\\".\",\"breadcrumb\":{\"@id\":\"https:\/\/libreriapiemontese.com\/?product=lorenss-l-suicida#breadcrumb\"},\"inLanguage\":\"it-IT\",\"potentialAction\":[{\"@type\":\"ReadAction\",\"target\":[\"https:\/\/libreriapiemontese.com\/?product=lorenss-l-suicida\"]}]},{\"@type\":\"ImageObject\",\"inLanguage\":\"it-IT\",\"@id\":\"https:\/\/libreriapiemontese.com\/?product=lorenss-l-suicida#primaryimage\",\"url\":\"https:\/\/libreriapiemontese.com\/wp-content\/uploads\/2025\/04\/91lNPkJOmML._SY466_.jpg\",\"contentUrl\":\"https:\/\/libreriapiemontese.com\/wp-content\/uploads\/2025\/04\/91lNPkJOmML._SY466_.jpg\",\"width\":319,\"height\":466},{\"@type\":\"BreadcrumbList\",\"@id\":\"https:\/\/libreriapiemontese.com\/?product=lorenss-l-suicida#breadcrumb\",\"itemListElement\":[{\"@type\":\"ListItem\",\"position\":1,\"name\":\"Home\",\"item\":\"https:\/\/libreriapiemontese.com\/\"},{\"@type\":\"ListItem\",\"position\":2,\"name\":\"Shop\",\"item\":\"https:\/\/libreriapiemontese.com\/?page_id=6\"},{\"@type\":\"ListItem\",\"position\":3,\"name\":\"Lorenss &#8216;l suicida\"}]},{\"@type\":\"WebSite\",\"@id\":\"https:\/\/libreriapiemontese.com\/#website\",\"url\":\"https:\/\/libreriapiemontese.com\/\",\"name\":\"Libreria Piemontese\",\"description\":\"\",\"potentialAction\":[{\"@type\":\"SearchAction\",\"target\":{\"@type\":\"EntryPoint\",\"urlTemplate\":\"https:\/\/libreriapiemontese.com\/?s={search_term_string}\"},\"query-input\":{\"@type\":\"PropertyValueSpecification\",\"valueRequired\":true,\"valueName\":\"search_term_string\"}}],\"inLanguage\":\"it-IT\"}]}<\/script>\n<!-- \/ Yoast SEO plugin. -->","yoast_head_json":{"title":"Lorenss 'l suicida - Libreria Piemontese","description":"Lorenss 'l suicida apparve la prima volta a puntate sulla \"Gaseta d'Gianduja\" del 1866 col titolo \"COS VAL-LO N?OM MORT?\".","robots":{"index":"index","follow":"follow","max-snippet":"max-snippet:-1","max-image-preview":"max-image-preview:large","max-video-preview":"max-video-preview:-1"},"canonical":"https:\/\/libreriapiemontese.com\/?product=lorenss-l-suicida","og_locale":"it_IT","og_type":"article","og_title":"Lorenss 'l suicida - Libreria Piemontese","og_description":"Lorenss 'l suicida apparve la prima volta a puntate sulla \"Gaseta d'Gianduja\" del 1866 col titolo \"COS VAL-LO N?OM MORT?\".","og_url":"https:\/\/libreriapiemontese.com\/?product=lorenss-l-suicida","og_site_name":"Libreria Piemontese","og_image":[{"width":319,"height":466,"url":"https:\/\/libreriapiemontese.com\/wp-content\/uploads\/2025\/04\/91lNPkJOmML._SY466_.jpg","type":"image\/jpeg"}],"twitter_card":"summary_large_image","twitter_misc":{"Tempo di lettura stimato":"1 minuto"},"schema":{"@context":"https:\/\/schema.org","@graph":[{"@type":"WebPage","@id":"https:\/\/libreriapiemontese.com\/?product=lorenss-l-suicida","url":"https:\/\/libreriapiemontese.com\/?product=lorenss-l-suicida","name":"Lorenss 'l suicida - Libreria Piemontese","isPartOf":{"@id":"https:\/\/libreriapiemontese.com\/#website"},"primaryImageOfPage":{"@id":"https:\/\/libreriapiemontese.com\/?product=lorenss-l-suicida#primaryimage"},"image":{"@id":"https:\/\/libreriapiemontese.com\/?product=lorenss-l-suicida#primaryimage"},"thumbnailUrl":"https:\/\/libreriapiemontese.com\/wp-content\/uploads\/2025\/04\/91lNPkJOmML._SY466_.jpg","datePublished":"2025-04-02T11:40:58+00:00","description":"Lorenss 'l suicida apparve la prima volta a puntate sulla \"Gaseta d'Gianduja\" del 1866 col titolo \"COS VAL-LO N?OM MORT?\".","breadcrumb":{"@id":"https:\/\/libreriapiemontese.com\/?product=lorenss-l-suicida#breadcrumb"},"inLanguage":"it-IT","potentialAction":[{"@type":"ReadAction","target":["https:\/\/libreriapiemontese.com\/?product=lorenss-l-suicida"]}]},{"@type":"ImageObject","inLanguage":"it-IT","@id":"https:\/\/libreriapiemontese.com\/?product=lorenss-l-suicida#primaryimage","url":"https:\/\/libreriapiemontese.com\/wp-content\/uploads\/2025\/04\/91lNPkJOmML._SY466_.jpg","contentUrl":"https:\/\/libreriapiemontese.com\/wp-content\/uploads\/2025\/04\/91lNPkJOmML._SY466_.jpg","width":319,"height":466},{"@type":"BreadcrumbList","@id":"https:\/\/libreriapiemontese.com\/?product=lorenss-l-suicida#breadcrumb","itemListElement":[{"@type":"ListItem","position":1,"name":"Home","item":"https:\/\/libreriapiemontese.com\/"},{"@type":"ListItem","position":2,"name":"Shop","item":"https:\/\/libreriapiemontese.com\/?page_id=6"},{"@type":"ListItem","position":3,"name":"Lorenss &#8216;l suicida"}]},{"@type":"WebSite","@id":"https:\/\/libreriapiemontese.com\/#website","url":"https:\/\/libreriapiemontese.com\/","name":"Libreria Piemontese","description":"","potentialAction":[{"@type":"SearchAction","target":{"@type":"EntryPoint","urlTemplate":"https:\/\/libreriapiemontese.com\/?s={search_term_string}"},"query-input":{"@type":"PropertyValueSpecification","valueRequired":true,"valueName":"search_term_string"}}],"inLanguage":"it-IT"}]}},"_links":{"self":[{"href":"https:\/\/libreriapiemontese.com\/index.php?rest_route=\/wp\/v2\/product\/1013","targetHints":{"allow":["GET"]}}],"collection":[{"href":"https:\/\/libreriapiemontese.com\/index.php?rest_route=\/wp\/v2\/product"}],"about":[{"href":"https:\/\/libreriapiemontese.com\/index.php?rest_route=\/wp\/v2\/types\/product"}],"replies":[{"embeddable":true,"href":"https:\/\/libreriapiemontese.com\/index.php?rest_route=%2Fwp%2Fv2%2Fcomments&post=1013"}],"wp:featuredmedia":[{"embeddable":true,"href":"https:\/\/libreriapiemontese.com\/index.php?rest_route=\/wp\/v2\/media\/1014"}],"wp:attachment":[{"href":"https:\/\/libreriapiemontese.com\/index.php?rest_route=%2Fwp%2Fv2%2Fmedia&parent=1013"}],"wp:term":[{"taxonomy":"autore","embeddable":true,"href":"https:\/\/libreriapiemontese.com\/index.php?rest_route=%2Fwp%2Fv2%2Fautore&post=1013"},{"taxonomy":"casa-editirice","embeddable":true,"href":"https:\/\/libreriapiemontese.com\/index.php?rest_route=%2Fwp%2Fv2%2Fcasa-editirice&post=1013"},{"taxonomy":"product_brand","embeddable":true,"href":"https:\/\/libreriapiemontese.com\/index.php?rest_route=%2Fwp%2Fv2%2Fproduct_brand&post=1013"},{"taxonomy":"product_cat","embeddable":true,"href":"https:\/\/libreriapiemontese.com\/index.php?rest_route=%2Fwp%2Fv2%2Fproduct_cat&post=1013"},{"taxonomy":"product_tag","embeddable":true,"href":"https:\/\/libreriapiemontese.com\/index.php?rest_route=%2Fwp%2Fv2%2Fproduct_tag&post=1013"}],"curies":[{"name":"wp","href":"https:\/\/api.w.org\/{rel}","templated":true}]}}