{"id":1054,"date":"2025-04-09T12:57:04","date_gmt":"2025-04-09T12:57:04","guid":{"rendered":"https:\/\/libreriapiemontese.com\/?post_type=product&#038;p=1054"},"modified":"2025-04-09T12:57:04","modified_gmt":"2025-04-09T12:57:04","slug":"il-vangelo-del-santo-graal","status":"publish","type":"product","link":"https:\/\/libreriapiemontese.com\/?product=il-vangelo-del-santo-graal","title":{"rendered":"Il vangelo del Santo Graal"},"content":{"rendered":"<p>Chiunque possegga la coppa del sacro Graal ha un indicibile potere sulle leggi del mondo, e solo un cavaliere, il predestinato, pu\u00f2 riuscire ad ottenerla, dopo aver superato prove perigliose.<br \/>\nMolto si \u00e8 detto e scritto sul Graal, le leggende si sono intrecciate nel corso dei secoli, ed il Graal ha assunto forme diverse: una coppa, una pietra caduta dal cielo, un simbolo, il calice che ha raccolto il sangue di Cristo.<br \/>\nPer far luce nei meandri dei significati e nelle false credenze, Antonio Lombatti ha indagato con la consueta perizia ed ha portato alla luce il rapporto del Graal con ci\u00f2 che \u00e8 terreno e ci\u00f2 che \u00e8 spirituale.<br \/>\nIl &#8220;Vangelo del Santo Graal&#8221; ci conduce al mito, nella storia, nella leggenda, senza disdegnare i numerosi riferimenti letterari, filmografici e musicali ed il viaggio in questa narrazione risulta ipnotico e sincero. Ne usciamo come da una esperienza mistica, con qualche certezza in pi\u00f9.<\/p>\n","protected":false},"excerpt":{"rendered":"<p>Chiunque possegga la coppa del sacro Graal ha un indicibile potere sulle leggi del mondo, e solo un cavaliere, il predestinato, pu\u00f2 riuscire ad ottenerla, dopo aver superato prove perigliose.<\/p>\n","protected":false},"featured_media":1055,"comment_status":"open","ping_status":"closed","template":"","meta":{"_acf_changed":false,"_et_pb_use_builder":"","_et_pb_old_content":"","_et_gb_content_width":""},"autore":[513],"casa-editirice":[514],"product_brand":[],"product_cat":[37],"product_tag":[512,511],"class_list":{"0":"post-1054","1":"product","2":"type-product","3":"status-publish","4":"has-post-thumbnail","6":"autore-antonio-lombatti","7":"casa-editirice-edizioni-vis-vitalis","8":"product_cat-storico","9":"product_tag-antonio-lombatti","10":"product_tag-il-vangelo-del-santo-graal","12":"first","13":"instock","14":"shipping-taxable","15":"purchasable","16":"product-type-simple"},"acf":[],"yoast_head":"<!-- This site is optimized with the Yoast SEO plugin v24.7 - https:\/\/yoast.com\/wordpress\/plugins\/seo\/ -->\n<title>Il vangelo del Santo Graal - Libreria Piemontese<\/title>\n<meta name=\"description\" content=\"Chiunque possegga la coppa del sacro Graal ha un indicibile potere sulle leggi del mondo, e solo un cavaliere, il predestinato, pu\u00f2 riuscire ad ottenerla, dopo aver superato prove perigliose.\" \/>\n<meta name=\"robots\" content=\"index, follow, max-snippet:-1, max-image-preview:large, max-video-preview:-1\" \/>\n<link rel=\"canonical\" href=\"https:\/\/libreriapiemontese.com\/?product=il-vangelo-del-santo-graal\" \/>\n<meta property=\"og:locale\" content=\"it_IT\" \/>\n<meta property=\"og:type\" content=\"article\" \/>\n<meta property=\"og:title\" content=\"Il vangelo del Santo Graal - Libreria Piemontese\" \/>\n<meta property=\"og:description\" content=\"Chiunque possegga la coppa del sacro Graal ha un indicibile potere sulle leggi del mondo, e solo un cavaliere, il predestinato, pu\u00f2 riuscire ad ottenerla, dopo aver superato prove perigliose.\" \/>\n<meta property=\"og:url\" content=\"https:\/\/libreriapiemontese.com\/?product=il-vangelo-del-santo-graal\" \/>\n<meta property=\"og:site_name\" content=\"Libreria Piemontese\" \/>\n<meta property=\"og:image\" content=\"https:\/\/libreriapiemontese.com\/wp-content\/uploads\/2025\/04\/41wq1o4MvrL.jpg\" \/>\n\t<meta property=\"og:image:width\" content=\"200\" \/>\n\t<meta property=\"og:image:height\" content=\"279\" \/>\n\t<meta property=\"og:image:type\" content=\"image\/jpeg\" \/>\n<meta name=\"twitter:card\" content=\"summary_large_image\" \/>\n<meta name=\"twitter:label1\" content=\"Tempo di lettura stimato\" \/>\n\t<meta name=\"twitter:data1\" content=\"2 minuti\" \/>\n<script type=\"application\/ld+json\" class=\"yoast-schema-graph\">{\"@context\":\"https:\/\/schema.org\",\"@graph\":[{\"@type\":\"WebPage\",\"@id\":\"https:\/\/libreriapiemontese.com\/?product=il-vangelo-del-santo-graal\",\"url\":\"https:\/\/libreriapiemontese.com\/?product=il-vangelo-del-santo-graal\",\"name\":\"Il vangelo del Santo Graal - Libreria Piemontese\",\"isPartOf\":{\"@id\":\"https:\/\/libreriapiemontese.com\/#website\"},\"primaryImageOfPage\":{\"@id\":\"https:\/\/libreriapiemontese.com\/?product=il-vangelo-del-santo-graal#primaryimage\"},\"image\":{\"@id\":\"https:\/\/libreriapiemontese.com\/?product=il-vangelo-del-santo-graal#primaryimage\"},\"thumbnailUrl\":\"https:\/\/libreriapiemontese.com\/wp-content\/uploads\/2025\/04\/41wq1o4MvrL.jpg\",\"datePublished\":\"2025-04-09T12:57:04+00:00\",\"description\":\"Chiunque possegga la coppa del sacro Graal ha un indicibile potere sulle leggi del mondo, e solo un cavaliere, il predestinato, pu\u00f2 riuscire ad ottenerla, dopo aver superato prove perigliose.\",\"breadcrumb\":{\"@id\":\"https:\/\/libreriapiemontese.com\/?product=il-vangelo-del-santo-graal#breadcrumb\"},\"inLanguage\":\"it-IT\",\"potentialAction\":[{\"@type\":\"ReadAction\",\"target\":[\"https:\/\/libreriapiemontese.com\/?product=il-vangelo-del-santo-graal\"]}]},{\"@type\":\"ImageObject\",\"inLanguage\":\"it-IT\",\"@id\":\"https:\/\/libreriapiemontese.com\/?product=il-vangelo-del-santo-graal#primaryimage\",\"url\":\"https:\/\/libreriapiemontese.com\/wp-content\/uploads\/2025\/04\/41wq1o4MvrL.jpg\",\"contentUrl\":\"https:\/\/libreriapiemontese.com\/wp-content\/uploads\/2025\/04\/41wq1o4MvrL.jpg\",\"width\":200,\"height\":279},{\"@type\":\"BreadcrumbList\",\"@id\":\"https:\/\/libreriapiemontese.com\/?product=il-vangelo-del-santo-graal#breadcrumb\",\"itemListElement\":[{\"@type\":\"ListItem\",\"position\":1,\"name\":\"Home\",\"item\":\"https:\/\/libreriapiemontese.com\/\"},{\"@type\":\"ListItem\",\"position\":2,\"name\":\"Shop\",\"item\":\"https:\/\/libreriapiemontese.com\/?page_id=6\"},{\"@type\":\"ListItem\",\"position\":3,\"name\":\"Il vangelo del Santo Graal\"}]},{\"@type\":\"WebSite\",\"@id\":\"https:\/\/libreriapiemontese.com\/#website\",\"url\":\"https:\/\/libreriapiemontese.com\/\",\"name\":\"Libreria Piemontese\",\"description\":\"\",\"potentialAction\":[{\"@type\":\"SearchAction\",\"target\":{\"@type\":\"EntryPoint\",\"urlTemplate\":\"https:\/\/libreriapiemontese.com\/?s={search_term_string}\"},\"query-input\":{\"@type\":\"PropertyValueSpecification\",\"valueRequired\":true,\"valueName\":\"search_term_string\"}}],\"inLanguage\":\"it-IT\"}]}<\/script>\n<!-- \/ Yoast SEO plugin. -->","yoast_head_json":{"title":"Il vangelo del Santo Graal - Libreria Piemontese","description":"Chiunque possegga la coppa del sacro Graal ha un indicibile potere sulle leggi del mondo, e solo un cavaliere, il predestinato, pu\u00f2 riuscire ad ottenerla, dopo aver superato prove perigliose.","robots":{"index":"index","follow":"follow","max-snippet":"max-snippet:-1","max-image-preview":"max-image-preview:large","max-video-preview":"max-video-preview:-1"},"canonical":"https:\/\/libreriapiemontese.com\/?product=il-vangelo-del-santo-graal","og_locale":"it_IT","og_type":"article","og_title":"Il vangelo del Santo Graal - Libreria Piemontese","og_description":"Chiunque possegga la coppa del sacro Graal ha un indicibile potere sulle leggi del mondo, e solo un cavaliere, il predestinato, pu\u00f2 riuscire ad ottenerla, dopo aver superato prove perigliose.","og_url":"https:\/\/libreriapiemontese.com\/?product=il-vangelo-del-santo-graal","og_site_name":"Libreria Piemontese","og_image":[{"width":200,"height":279,"url":"https:\/\/libreriapiemontese.com\/wp-content\/uploads\/2025\/04\/41wq1o4MvrL.jpg","type":"image\/jpeg"}],"twitter_card":"summary_large_image","twitter_misc":{"Tempo di lettura stimato":"2 minuti"},"schema":{"@context":"https:\/\/schema.org","@graph":[{"@type":"WebPage","@id":"https:\/\/libreriapiemontese.com\/?product=il-vangelo-del-santo-graal","url":"https:\/\/libreriapiemontese.com\/?product=il-vangelo-del-santo-graal","name":"Il vangelo del Santo Graal - Libreria Piemontese","isPartOf":{"@id":"https:\/\/libreriapiemontese.com\/#website"},"primaryImageOfPage":{"@id":"https:\/\/libreriapiemontese.com\/?product=il-vangelo-del-santo-graal#primaryimage"},"image":{"@id":"https:\/\/libreriapiemontese.com\/?product=il-vangelo-del-santo-graal#primaryimage"},"thumbnailUrl":"https:\/\/libreriapiemontese.com\/wp-content\/uploads\/2025\/04\/41wq1o4MvrL.jpg","datePublished":"2025-04-09T12:57:04+00:00","description":"Chiunque possegga la coppa del sacro Graal ha un indicibile potere sulle leggi del mondo, e solo un cavaliere, il predestinato, pu\u00f2 riuscire ad ottenerla, dopo aver superato prove perigliose.","breadcrumb":{"@id":"https:\/\/libreriapiemontese.com\/?product=il-vangelo-del-santo-graal#breadcrumb"},"inLanguage":"it-IT","potentialAction":[{"@type":"ReadAction","target":["https:\/\/libreriapiemontese.com\/?product=il-vangelo-del-santo-graal"]}]},{"@type":"ImageObject","inLanguage":"it-IT","@id":"https:\/\/libreriapiemontese.com\/?product=il-vangelo-del-santo-graal#primaryimage","url":"https:\/\/libreriapiemontese.com\/wp-content\/uploads\/2025\/04\/41wq1o4MvrL.jpg","contentUrl":"https:\/\/libreriapiemontese.com\/wp-content\/uploads\/2025\/04\/41wq1o4MvrL.jpg","width":200,"height":279},{"@type":"BreadcrumbList","@id":"https:\/\/libreriapiemontese.com\/?product=il-vangelo-del-santo-graal#breadcrumb","itemListElement":[{"@type":"ListItem","position":1,"name":"Home","item":"https:\/\/libreriapiemontese.com\/"},{"@type":"ListItem","position":2,"name":"Shop","item":"https:\/\/libreriapiemontese.com\/?page_id=6"},{"@type":"ListItem","position":3,"name":"Il vangelo del Santo Graal"}]},{"@type":"WebSite","@id":"https:\/\/libreriapiemontese.com\/#website","url":"https:\/\/libreriapiemontese.com\/","name":"Libreria Piemontese","description":"","potentialAction":[{"@type":"SearchAction","target":{"@type":"EntryPoint","urlTemplate":"https:\/\/libreriapiemontese.com\/?s={search_term_string}"},"query-input":{"@type":"PropertyValueSpecification","valueRequired":true,"valueName":"search_term_string"}}],"inLanguage":"it-IT"}]}},"_links":{"self":[{"href":"https:\/\/libreriapiemontese.com\/index.php?rest_route=\/wp\/v2\/product\/1054","targetHints":{"allow":["GET"]}}],"collection":[{"href":"https:\/\/libreriapiemontese.com\/index.php?rest_route=\/wp\/v2\/product"}],"about":[{"href":"https:\/\/libreriapiemontese.com\/index.php?rest_route=\/wp\/v2\/types\/product"}],"replies":[{"embeddable":true,"href":"https:\/\/libreriapiemontese.com\/index.php?rest_route=%2Fwp%2Fv2%2Fcomments&post=1054"}],"wp:featuredmedia":[{"embeddable":true,"href":"https:\/\/libreriapiemontese.com\/index.php?rest_route=\/wp\/v2\/media\/1055"}],"wp:attachment":[{"href":"https:\/\/libreriapiemontese.com\/index.php?rest_route=%2Fwp%2Fv2%2Fmedia&parent=1054"}],"wp:term":[{"taxonomy":"autore","embeddable":true,"href":"https:\/\/libreriapiemontese.com\/index.php?rest_route=%2Fwp%2Fv2%2Fautore&post=1054"},{"taxonomy":"casa-editirice","embeddable":true,"href":"https:\/\/libreriapiemontese.com\/index.php?rest_route=%2Fwp%2Fv2%2Fcasa-editirice&post=1054"},{"taxonomy":"product_brand","embeddable":true,"href":"https:\/\/libreriapiemontese.com\/index.php?rest_route=%2Fwp%2Fv2%2Fproduct_brand&post=1054"},{"taxonomy":"product_cat","embeddable":true,"href":"https:\/\/libreriapiemontese.com\/index.php?rest_route=%2Fwp%2Fv2%2Fproduct_cat&post=1054"},{"taxonomy":"product_tag","embeddable":true,"href":"https:\/\/libreriapiemontese.com\/index.php?rest_route=%2Fwp%2Fv2%2Fproduct_tag&post=1054"}],"curies":[{"name":"wp","href":"https:\/\/api.w.org\/{rel}","templated":true}]}}