{"id":137,"date":"2023-11-15T09:47:32","date_gmt":"2023-11-15T09:47:32","guid":{"rendered":"https:\/\/spash.libreriapiemontese.com\/?post_type=product&#038;p=137"},"modified":"2025-03-18T13:21:16","modified_gmt":"2025-03-18T13:21:16","slug":"lamor-a-le-nen-polenta","status":"publish","type":"product","link":"https:\/\/libreriapiemontese.com\/?product=lamor-a-le-nen-polenta","title":{"rendered":"L&#8217;amor a l&#8217;\u00e9 nen polenta"},"content":{"rendered":"<div class=\"clearfix text-formatted field field--name-body field--type-text-with-summary field--label-hidden field__item\">\n<p>Con ij barbis a-i na nass gnun, D\u00f2p d\u00e9l brut temp a-i ven \u00e9l bel, Quand a nasso tuti bej, quand a meuiro tuti brav, Se ij giovo a sa-v\u00e8jsso e ij vej a pod\u00e8jsso&#8230;: quasi sempre ironici e sentenziosi, a volte ovvi al limite della desolazione, ma veri, spietati e amari, i detti, i modi di dire, gli epiteti della tradizione piemontese aprono scorci su un mondo perduto. \u00c8 un mondo pieno di sapere e di saperi, di storia, di perle di umorismo al limite del nonsense, (M\u00f2rtuus est, mai p\u00ec birbotavit), spesso scorretto (Et ses p\u00ec f\u00f2l che la gu\u00e8ra &#8216;d Libia) e in pi\u00f9 direzioni (Tre fije e na mare, quatr diav per un pare).<\/p>\n<\/div>\n","protected":false},"excerpt":{"rendered":"<p>Con ij barbis a-i na nass gnun, D\u00f2p d\u00e9l brut temp a-i ven \u00e9l bel, Quand a nasso tuti bej, quand a meuiro tuti brav, Se ij giovo a sa-v\u00e8jsso e ij vej a pod\u00e8jsso&#8230;: quasi sempre ironici e sentenziosi, a volte ovvi al limite della desolazione, ma veri, spietati e amari, i detti, i modi di dire, gli epiteti della tradizione piemontese aprono scorci su un mondo perduto. \u00c8 un mondo pieno di sapere e di saperi, di storia, di perle di umorismo al limite del nonsense, (M\u00f2rtuus est, mai p\u00ec birbotavit), spesso scorretto (Et ses p\u00ec f\u00f2l che la gu\u00e8ra &#8216;d Libia) e in pi\u00f9 direzioni (Tre fije e na mare, quatr diav per un pare).<\/p>\n","protected":false},"featured_media":136,"comment_status":"open","ping_status":"closed","template":"","meta":{"_acf_changed":false,"_et_pb_use_builder":"","_et_pb_old_content":"","_et_gb_content_width":""},"autore":[352,132],"casa-editirice":[59],"product_brand":[],"product_cat":[15,38,37],"product_tag":[351,350],"class_list":{"0":"post-137","1":"product","2":"type-product","3":"status-publish","4":"has-post-thumbnail","6":"autore-carlo-porta","7":"autore-gian-vittorio-avondo","8":"casa-editirice-edizioni-del-capricorno","9":"product_cat-senza-categoria","10":"product_cat-storia-piemontese","11":"product_cat-storico","12":"product_tag-carlo-porta","13":"product_tag-gian-vittorio-avondo","15":"first","16":"instock","17":"shipping-taxable","18":"purchasable","19":"product-type-simple"},"acf":[],"yoast_head":"<!-- This site is optimized with the Yoast SEO plugin v24.7 - https:\/\/yoast.com\/wordpress\/plugins\/seo\/ -->\n<title>L&#039;amor a l&#039;\u00e9 nen polenta - Libreria Piemontese<\/title>\n<meta name=\"description\" content=\"Con ij barbis a-i na nass gnun, D\u00f2p d\u00e9l brut temp a-i ven \u00e9l bel, Quand a nasso tuti bej, quand a meuiro tuti brav, Se ij giovo a sa-v\u00e8jsso e ij vej a pod\u00e8jsso...\" \/>\n<meta name=\"robots\" content=\"index, follow, max-snippet:-1, max-image-preview:large, max-video-preview:-1\" \/>\n<link rel=\"canonical\" href=\"https:\/\/libreriapiemontese.com\/?product=lamor-a-le-nen-polenta\" \/>\n<meta property=\"og:locale\" content=\"it_IT\" \/>\n<meta property=\"og:type\" content=\"article\" \/>\n<meta property=\"og:title\" content=\"L&#039;amor a l&#039;\u00e9 nen polenta - Libreria Piemontese\" \/>\n<meta property=\"og:description\" content=\"Con ij barbis a-i na nass gnun, D\u00f2p d\u00e9l brut temp a-i ven \u00e9l bel, Quand a nasso tuti bej, quand a meuiro tuti brav, Se ij giovo a sa-v\u00e8jsso e ij vej a pod\u00e8jsso...\" \/>\n<meta property=\"og:url\" content=\"https:\/\/libreriapiemontese.com\/?product=lamor-a-le-nen-polenta\" \/>\n<meta property=\"og:site_name\" content=\"Libreria Piemontese\" \/>\n<meta property=\"article:modified_time\" content=\"2025-03-18T13:21:16+00:00\" \/>\n<meta property=\"og:image\" content=\"https:\/\/libreriapiemontese.com\/wp-content\/uploads\/2023\/11\/IMG_20221124_161631.jpg\" \/>\n\t<meta property=\"og:image:width\" content=\"310\" \/>\n\t<meta property=\"og:image:height\" content=\"480\" \/>\n\t<meta property=\"og:image:type\" content=\"image\/jpeg\" \/>\n<meta name=\"twitter:card\" content=\"summary_large_image\" \/>\n<meta name=\"twitter:label1\" content=\"Tempo di lettura stimato\" \/>\n\t<meta name=\"twitter:data1\" content=\"1 minuto\" \/>\n<script type=\"application\/ld+json\" class=\"yoast-schema-graph\">{\"@context\":\"https:\/\/schema.org\",\"@graph\":[{\"@type\":\"WebPage\",\"@id\":\"https:\/\/libreriapiemontese.com\/?product=lamor-a-le-nen-polenta\",\"url\":\"https:\/\/libreriapiemontese.com\/?product=lamor-a-le-nen-polenta\",\"name\":\"L'amor a l'\u00e9 nen polenta - Libreria Piemontese\",\"isPartOf\":{\"@id\":\"https:\/\/libreriapiemontese.com\/#website\"},\"primaryImageOfPage\":{\"@id\":\"https:\/\/libreriapiemontese.com\/?product=lamor-a-le-nen-polenta#primaryimage\"},\"image\":{\"@id\":\"https:\/\/libreriapiemontese.com\/?product=lamor-a-le-nen-polenta#primaryimage\"},\"thumbnailUrl\":\"https:\/\/libreriapiemontese.com\/wp-content\/uploads\/2023\/11\/IMG_20221124_161631.jpg\",\"datePublished\":\"2023-11-15T09:47:32+00:00\",\"dateModified\":\"2025-03-18T13:21:16+00:00\",\"description\":\"Con ij barbis a-i na nass gnun, D\u00f2p d\u00e9l brut temp a-i ven \u00e9l bel, Quand a nasso tuti bej, quand a meuiro tuti brav, Se ij giovo a sa-v\u00e8jsso e ij vej a pod\u00e8jsso...\",\"breadcrumb\":{\"@id\":\"https:\/\/libreriapiemontese.com\/?product=lamor-a-le-nen-polenta#breadcrumb\"},\"inLanguage\":\"it-IT\",\"potentialAction\":[{\"@type\":\"ReadAction\",\"target\":[\"https:\/\/libreriapiemontese.com\/?product=lamor-a-le-nen-polenta\"]}]},{\"@type\":\"ImageObject\",\"inLanguage\":\"it-IT\",\"@id\":\"https:\/\/libreriapiemontese.com\/?product=lamor-a-le-nen-polenta#primaryimage\",\"url\":\"https:\/\/libreriapiemontese.com\/wp-content\/uploads\/2023\/11\/IMG_20221124_161631.jpg\",\"contentUrl\":\"https:\/\/libreriapiemontese.com\/wp-content\/uploads\/2023\/11\/IMG_20221124_161631.jpg\",\"width\":310,\"height\":480},{\"@type\":\"BreadcrumbList\",\"@id\":\"https:\/\/libreriapiemontese.com\/?product=lamor-a-le-nen-polenta#breadcrumb\",\"itemListElement\":[{\"@type\":\"ListItem\",\"position\":1,\"name\":\"Home\",\"item\":\"https:\/\/libreriapiemontese.com\/\"},{\"@type\":\"ListItem\",\"position\":2,\"name\":\"Shop\",\"item\":\"https:\/\/libreriapiemontese.com\/?page_id=6\"},{\"@type\":\"ListItem\",\"position\":3,\"name\":\"L&#8217;amor a l&#8217;\u00e9 nen polenta\"}]},{\"@type\":\"WebSite\",\"@id\":\"https:\/\/libreriapiemontese.com\/#website\",\"url\":\"https:\/\/libreriapiemontese.com\/\",\"name\":\"Libreria Piemontese\",\"description\":\"\",\"potentialAction\":[{\"@type\":\"SearchAction\",\"target\":{\"@type\":\"EntryPoint\",\"urlTemplate\":\"https:\/\/libreriapiemontese.com\/?s={search_term_string}\"},\"query-input\":{\"@type\":\"PropertyValueSpecification\",\"valueRequired\":true,\"valueName\":\"search_term_string\"}}],\"inLanguage\":\"it-IT\"}]}<\/script>\n<!-- \/ Yoast SEO plugin. -->","yoast_head_json":{"title":"L'amor a l'\u00e9 nen polenta - Libreria Piemontese","description":"Con ij barbis a-i na nass gnun, D\u00f2p d\u00e9l brut temp a-i ven \u00e9l bel, Quand a nasso tuti bej, quand a meuiro tuti brav, Se ij giovo a sa-v\u00e8jsso e ij vej a pod\u00e8jsso...","robots":{"index":"index","follow":"follow","max-snippet":"max-snippet:-1","max-image-preview":"max-image-preview:large","max-video-preview":"max-video-preview:-1"},"canonical":"https:\/\/libreriapiemontese.com\/?product=lamor-a-le-nen-polenta","og_locale":"it_IT","og_type":"article","og_title":"L'amor a l'\u00e9 nen polenta - Libreria Piemontese","og_description":"Con ij barbis a-i na nass gnun, D\u00f2p d\u00e9l brut temp a-i ven \u00e9l bel, Quand a nasso tuti bej, quand a meuiro tuti brav, Se ij giovo a sa-v\u00e8jsso e ij vej a pod\u00e8jsso...","og_url":"https:\/\/libreriapiemontese.com\/?product=lamor-a-le-nen-polenta","og_site_name":"Libreria Piemontese","article_modified_time":"2025-03-18T13:21:16+00:00","og_image":[{"width":310,"height":480,"url":"https:\/\/libreriapiemontese.com\/wp-content\/uploads\/2023\/11\/IMG_20221124_161631.jpg","type":"image\/jpeg"}],"twitter_card":"summary_large_image","twitter_misc":{"Tempo di lettura stimato":"1 minuto"},"schema":{"@context":"https:\/\/schema.org","@graph":[{"@type":"WebPage","@id":"https:\/\/libreriapiemontese.com\/?product=lamor-a-le-nen-polenta","url":"https:\/\/libreriapiemontese.com\/?product=lamor-a-le-nen-polenta","name":"L'amor a l'\u00e9 nen polenta - Libreria Piemontese","isPartOf":{"@id":"https:\/\/libreriapiemontese.com\/#website"},"primaryImageOfPage":{"@id":"https:\/\/libreriapiemontese.com\/?product=lamor-a-le-nen-polenta#primaryimage"},"image":{"@id":"https:\/\/libreriapiemontese.com\/?product=lamor-a-le-nen-polenta#primaryimage"},"thumbnailUrl":"https:\/\/libreriapiemontese.com\/wp-content\/uploads\/2023\/11\/IMG_20221124_161631.jpg","datePublished":"2023-11-15T09:47:32+00:00","dateModified":"2025-03-18T13:21:16+00:00","description":"Con ij barbis a-i na nass gnun, D\u00f2p d\u00e9l brut temp a-i ven \u00e9l bel, Quand a nasso tuti bej, quand a meuiro tuti brav, Se ij giovo a sa-v\u00e8jsso e ij vej a pod\u00e8jsso...","breadcrumb":{"@id":"https:\/\/libreriapiemontese.com\/?product=lamor-a-le-nen-polenta#breadcrumb"},"inLanguage":"it-IT","potentialAction":[{"@type":"ReadAction","target":["https:\/\/libreriapiemontese.com\/?product=lamor-a-le-nen-polenta"]}]},{"@type":"ImageObject","inLanguage":"it-IT","@id":"https:\/\/libreriapiemontese.com\/?product=lamor-a-le-nen-polenta#primaryimage","url":"https:\/\/libreriapiemontese.com\/wp-content\/uploads\/2023\/11\/IMG_20221124_161631.jpg","contentUrl":"https:\/\/libreriapiemontese.com\/wp-content\/uploads\/2023\/11\/IMG_20221124_161631.jpg","width":310,"height":480},{"@type":"BreadcrumbList","@id":"https:\/\/libreriapiemontese.com\/?product=lamor-a-le-nen-polenta#breadcrumb","itemListElement":[{"@type":"ListItem","position":1,"name":"Home","item":"https:\/\/libreriapiemontese.com\/"},{"@type":"ListItem","position":2,"name":"Shop","item":"https:\/\/libreriapiemontese.com\/?page_id=6"},{"@type":"ListItem","position":3,"name":"L&#8217;amor a l&#8217;\u00e9 nen polenta"}]},{"@type":"WebSite","@id":"https:\/\/libreriapiemontese.com\/#website","url":"https:\/\/libreriapiemontese.com\/","name":"Libreria Piemontese","description":"","potentialAction":[{"@type":"SearchAction","target":{"@type":"EntryPoint","urlTemplate":"https:\/\/libreriapiemontese.com\/?s={search_term_string}"},"query-input":{"@type":"PropertyValueSpecification","valueRequired":true,"valueName":"search_term_string"}}],"inLanguage":"it-IT"}]}},"_links":{"self":[{"href":"https:\/\/libreriapiemontese.com\/index.php?rest_route=\/wp\/v2\/product\/137","targetHints":{"allow":["GET"]}}],"collection":[{"href":"https:\/\/libreriapiemontese.com\/index.php?rest_route=\/wp\/v2\/product"}],"about":[{"href":"https:\/\/libreriapiemontese.com\/index.php?rest_route=\/wp\/v2\/types\/product"}],"replies":[{"embeddable":true,"href":"https:\/\/libreriapiemontese.com\/index.php?rest_route=%2Fwp%2Fv2%2Fcomments&post=137"}],"wp:featuredmedia":[{"embeddable":true,"href":"https:\/\/libreriapiemontese.com\/index.php?rest_route=\/wp\/v2\/media\/136"}],"wp:attachment":[{"href":"https:\/\/libreriapiemontese.com\/index.php?rest_route=%2Fwp%2Fv2%2Fmedia&parent=137"}],"wp:term":[{"taxonomy":"autore","embeddable":true,"href":"https:\/\/libreriapiemontese.com\/index.php?rest_route=%2Fwp%2Fv2%2Fautore&post=137"},{"taxonomy":"casa-editirice","embeddable":true,"href":"https:\/\/libreriapiemontese.com\/index.php?rest_route=%2Fwp%2Fv2%2Fcasa-editirice&post=137"},{"taxonomy":"product_brand","embeddable":true,"href":"https:\/\/libreriapiemontese.com\/index.php?rest_route=%2Fwp%2Fv2%2Fproduct_brand&post=137"},{"taxonomy":"product_cat","embeddable":true,"href":"https:\/\/libreriapiemontese.com\/index.php?rest_route=%2Fwp%2Fv2%2Fproduct_cat&post=137"},{"taxonomy":"product_tag","embeddable":true,"href":"https:\/\/libreriapiemontese.com\/index.php?rest_route=%2Fwp%2Fv2%2Fproduct_tag&post=137"}],"curies":[{"name":"wp","href":"https:\/\/api.w.org\/{rel}","templated":true}]}}