{"id":771,"date":"2025-02-27T10:55:01","date_gmt":"2025-02-27T10:55:01","guid":{"rendered":"https:\/\/libreriapiemontese.com\/?post_type=product&#038;p=771"},"modified":"2025-03-15T18:03:06","modified_gmt":"2025-03-15T18:03:06","slug":"il-signore-dei-gasepiu","status":"publish","type":"product","link":"https:\/\/libreriapiemontese.com\/?product=il-signore-dei-gasepiu","title":{"rendered":"Il Signore de\u00ec Gasep\u00ecu"},"content":{"rendered":"<p>In questo mondo magico si nasconde ci\u00f2 che nessuno ha mai osato cercare: il Libro Sacro<strong> &#8220;Tirtenabala&#8221;.<\/strong><br \/>\nUn viaggio pericoloso, costellato di personaggi comici o demenziali tra cui eteree principesse ammaliatrici, diaboliche e stolide creature maligne, veggenti improbabili e fatue regine, ci condurr\u00e0 fino all&#8217;epica battaglia conclusiva, in cui, in un crescendo pirotecnico di sorrisi ironici che diventano risate a crepapelle, il lettore dovr\u00e0 convenire che chi ha scritto questa storia non pu\u00f2 essere altro un &#8220;<strong><em>Gadano<\/em><\/strong>&#8220;.<\/p>\n","protected":false},"excerpt":{"rendered":"<p>In questo mondo magico si nasconde ci\u00f2 che nessuno ha mai osato cercare: il Libro Sacro &#8220;Tirtenabala&#8221;.<br \/>\nUn viaggio pericoloso, costellato di personaggi comici o demenziali tra cui eteree principesse ammaliatrici, diaboliche e stolide creature maligne, veggenti improbabili e fatue regine, ci condurr\u00e0 fino all&#8217;epica battaglia conclusiva, in cui, in un crescendo pirotecnico di sorrisi ironici che diventano risate a crepapelle, il lettore dovr\u00e0 convenire che chi ha scritto questa storia non pu\u00f2 essere altro un &#8220;Gadano&#8221;.<\/p>\n","protected":false},"featured_media":772,"comment_status":"open","ping_status":"closed","template":"","meta":{"_acf_changed":false,"_et_pb_use_builder":"","_et_pb_old_content":"","_et_gb_content_width":""},"autore":[170],"casa-editirice":[25],"product_brand":[],"product_cat":[15,47],"product_tag":[168,169],"class_list":{"0":"post-771","1":"product","2":"type-product","3":"status-publish","4":"has-post-thumbnail","6":"autore-lorenzo-papagna","7":"casa-editirice-il-punto-piemonte-in-bancarella","8":"product_cat-senza-categoria","9":"product_cat-narrativa","10":"product_tag-il-signore-dei-gasepiu","11":"product_tag-lorenzo-papagna","13":"first","14":"instock","15":"shipping-taxable","16":"purchasable","17":"product-type-simple"},"acf":[],"yoast_head":"<!-- This site is optimized with the Yoast SEO plugin v24.7 - https:\/\/yoast.com\/wordpress\/plugins\/seo\/ -->\n<title>Il Signore de\u00ec Gasep\u00ecu - Libreria Piemontese<\/title>\n<meta name=\"description\" content=\"In questo mondo magico si nasconde ci\u00f2 che nessuno ha mai osato cercare: il Libro Sacro &quot;Tirtenabala&quot;.\" \/>\n<meta name=\"robots\" content=\"index, follow, max-snippet:-1, max-image-preview:large, max-video-preview:-1\" \/>\n<link rel=\"canonical\" href=\"https:\/\/libreriapiemontese.com\/?product=il-signore-dei-gasepiu\" \/>\n<meta property=\"og:locale\" content=\"it_IT\" \/>\n<meta property=\"og:type\" content=\"article\" \/>\n<meta property=\"og:title\" content=\"Il Signore de\u00ec Gasep\u00ecu - Libreria Piemontese\" \/>\n<meta property=\"og:description\" content=\"In questo mondo magico si nasconde ci\u00f2 che nessuno ha mai osato cercare: il Libro Sacro &quot;Tirtenabala&quot;.\" \/>\n<meta property=\"og:url\" content=\"https:\/\/libreriapiemontese.com\/?product=il-signore-dei-gasepiu\" \/>\n<meta property=\"og:site_name\" content=\"Libreria Piemontese\" \/>\n<meta property=\"article:modified_time\" content=\"2025-03-15T18:03:06+00:00\" \/>\n<meta property=\"og:image\" content=\"https:\/\/libreriapiemontese.com\/wp-content\/uploads\/2025\/02\/DSC_1067.jpg\" \/>\n\t<meta property=\"og:image:width\" content=\"418\" \/>\n\t<meta property=\"og:image:height\" content=\"600\" \/>\n\t<meta property=\"og:image:type\" content=\"image\/jpeg\" \/>\n<meta name=\"twitter:card\" content=\"summary_large_image\" \/>\n<meta name=\"twitter:label1\" content=\"Tempo di lettura stimato\" \/>\n\t<meta name=\"twitter:data1\" content=\"1 minuto\" \/>\n<script type=\"application\/ld+json\" class=\"yoast-schema-graph\">{\"@context\":\"https:\/\/schema.org\",\"@graph\":[{\"@type\":\"WebPage\",\"@id\":\"https:\/\/libreriapiemontese.com\/?product=il-signore-dei-gasepiu\",\"url\":\"https:\/\/libreriapiemontese.com\/?product=il-signore-dei-gasepiu\",\"name\":\"Il Signore de\u00ec Gasep\u00ecu - Libreria Piemontese\",\"isPartOf\":{\"@id\":\"https:\/\/libreriapiemontese.com\/#website\"},\"primaryImageOfPage\":{\"@id\":\"https:\/\/libreriapiemontese.com\/?product=il-signore-dei-gasepiu#primaryimage\"},\"image\":{\"@id\":\"https:\/\/libreriapiemontese.com\/?product=il-signore-dei-gasepiu#primaryimage\"},\"thumbnailUrl\":\"https:\/\/libreriapiemontese.com\/wp-content\/uploads\/2025\/02\/DSC_1067.jpg\",\"datePublished\":\"2025-02-27T10:55:01+00:00\",\"dateModified\":\"2025-03-15T18:03:06+00:00\",\"description\":\"In questo mondo magico si nasconde ci\u00f2 che nessuno ha mai osato cercare: il Libro Sacro \\\"Tirtenabala\\\".\",\"breadcrumb\":{\"@id\":\"https:\/\/libreriapiemontese.com\/?product=il-signore-dei-gasepiu#breadcrumb\"},\"inLanguage\":\"it-IT\",\"potentialAction\":[{\"@type\":\"ReadAction\",\"target\":[\"https:\/\/libreriapiemontese.com\/?product=il-signore-dei-gasepiu\"]}]},{\"@type\":\"ImageObject\",\"inLanguage\":\"it-IT\",\"@id\":\"https:\/\/libreriapiemontese.com\/?product=il-signore-dei-gasepiu#primaryimage\",\"url\":\"https:\/\/libreriapiemontese.com\/wp-content\/uploads\/2025\/02\/DSC_1067.jpg\",\"contentUrl\":\"https:\/\/libreriapiemontese.com\/wp-content\/uploads\/2025\/02\/DSC_1067.jpg\",\"width\":418,\"height\":600},{\"@type\":\"BreadcrumbList\",\"@id\":\"https:\/\/libreriapiemontese.com\/?product=il-signore-dei-gasepiu#breadcrumb\",\"itemListElement\":[{\"@type\":\"ListItem\",\"position\":1,\"name\":\"Home\",\"item\":\"https:\/\/libreriapiemontese.com\/\"},{\"@type\":\"ListItem\",\"position\":2,\"name\":\"Shop\",\"item\":\"https:\/\/libreriapiemontese.com\/?page_id=6\"},{\"@type\":\"ListItem\",\"position\":3,\"name\":\"Il Signore de\u00ec Gasep\u00ecu\"}]},{\"@type\":\"WebSite\",\"@id\":\"https:\/\/libreriapiemontese.com\/#website\",\"url\":\"https:\/\/libreriapiemontese.com\/\",\"name\":\"Libreria Piemontese\",\"description\":\"\",\"potentialAction\":[{\"@type\":\"SearchAction\",\"target\":{\"@type\":\"EntryPoint\",\"urlTemplate\":\"https:\/\/libreriapiemontese.com\/?s={search_term_string}\"},\"query-input\":{\"@type\":\"PropertyValueSpecification\",\"valueRequired\":true,\"valueName\":\"search_term_string\"}}],\"inLanguage\":\"it-IT\"}]}<\/script>\n<!-- \/ Yoast SEO plugin. -->","yoast_head_json":{"title":"Il Signore de\u00ec Gasep\u00ecu - Libreria Piemontese","description":"In questo mondo magico si nasconde ci\u00f2 che nessuno ha mai osato cercare: il Libro Sacro \"Tirtenabala\".","robots":{"index":"index","follow":"follow","max-snippet":"max-snippet:-1","max-image-preview":"max-image-preview:large","max-video-preview":"max-video-preview:-1"},"canonical":"https:\/\/libreriapiemontese.com\/?product=il-signore-dei-gasepiu","og_locale":"it_IT","og_type":"article","og_title":"Il Signore de\u00ec Gasep\u00ecu - Libreria Piemontese","og_description":"In questo mondo magico si nasconde ci\u00f2 che nessuno ha mai osato cercare: il Libro Sacro \"Tirtenabala\".","og_url":"https:\/\/libreriapiemontese.com\/?product=il-signore-dei-gasepiu","og_site_name":"Libreria Piemontese","article_modified_time":"2025-03-15T18:03:06+00:00","og_image":[{"width":418,"height":600,"url":"https:\/\/libreriapiemontese.com\/wp-content\/uploads\/2025\/02\/DSC_1067.jpg","type":"image\/jpeg"}],"twitter_card":"summary_large_image","twitter_misc":{"Tempo di lettura stimato":"1 minuto"},"schema":{"@context":"https:\/\/schema.org","@graph":[{"@type":"WebPage","@id":"https:\/\/libreriapiemontese.com\/?product=il-signore-dei-gasepiu","url":"https:\/\/libreriapiemontese.com\/?product=il-signore-dei-gasepiu","name":"Il Signore de\u00ec Gasep\u00ecu - Libreria Piemontese","isPartOf":{"@id":"https:\/\/libreriapiemontese.com\/#website"},"primaryImageOfPage":{"@id":"https:\/\/libreriapiemontese.com\/?product=il-signore-dei-gasepiu#primaryimage"},"image":{"@id":"https:\/\/libreriapiemontese.com\/?product=il-signore-dei-gasepiu#primaryimage"},"thumbnailUrl":"https:\/\/libreriapiemontese.com\/wp-content\/uploads\/2025\/02\/DSC_1067.jpg","datePublished":"2025-02-27T10:55:01+00:00","dateModified":"2025-03-15T18:03:06+00:00","description":"In questo mondo magico si nasconde ci\u00f2 che nessuno ha mai osato cercare: il Libro Sacro \"Tirtenabala\".","breadcrumb":{"@id":"https:\/\/libreriapiemontese.com\/?product=il-signore-dei-gasepiu#breadcrumb"},"inLanguage":"it-IT","potentialAction":[{"@type":"ReadAction","target":["https:\/\/libreriapiemontese.com\/?product=il-signore-dei-gasepiu"]}]},{"@type":"ImageObject","inLanguage":"it-IT","@id":"https:\/\/libreriapiemontese.com\/?product=il-signore-dei-gasepiu#primaryimage","url":"https:\/\/libreriapiemontese.com\/wp-content\/uploads\/2025\/02\/DSC_1067.jpg","contentUrl":"https:\/\/libreriapiemontese.com\/wp-content\/uploads\/2025\/02\/DSC_1067.jpg","width":418,"height":600},{"@type":"BreadcrumbList","@id":"https:\/\/libreriapiemontese.com\/?product=il-signore-dei-gasepiu#breadcrumb","itemListElement":[{"@type":"ListItem","position":1,"name":"Home","item":"https:\/\/libreriapiemontese.com\/"},{"@type":"ListItem","position":2,"name":"Shop","item":"https:\/\/libreriapiemontese.com\/?page_id=6"},{"@type":"ListItem","position":3,"name":"Il Signore de\u00ec Gasep\u00ecu"}]},{"@type":"WebSite","@id":"https:\/\/libreriapiemontese.com\/#website","url":"https:\/\/libreriapiemontese.com\/","name":"Libreria Piemontese","description":"","potentialAction":[{"@type":"SearchAction","target":{"@type":"EntryPoint","urlTemplate":"https:\/\/libreriapiemontese.com\/?s={search_term_string}"},"query-input":{"@type":"PropertyValueSpecification","valueRequired":true,"valueName":"search_term_string"}}],"inLanguage":"it-IT"}]}},"_links":{"self":[{"href":"https:\/\/libreriapiemontese.com\/index.php?rest_route=\/wp\/v2\/product\/771","targetHints":{"allow":["GET"]}}],"collection":[{"href":"https:\/\/libreriapiemontese.com\/index.php?rest_route=\/wp\/v2\/product"}],"about":[{"href":"https:\/\/libreriapiemontese.com\/index.php?rest_route=\/wp\/v2\/types\/product"}],"replies":[{"embeddable":true,"href":"https:\/\/libreriapiemontese.com\/index.php?rest_route=%2Fwp%2Fv2%2Fcomments&post=771"}],"wp:featuredmedia":[{"embeddable":true,"href":"https:\/\/libreriapiemontese.com\/index.php?rest_route=\/wp\/v2\/media\/772"}],"wp:attachment":[{"href":"https:\/\/libreriapiemontese.com\/index.php?rest_route=%2Fwp%2Fv2%2Fmedia&parent=771"}],"wp:term":[{"taxonomy":"autore","embeddable":true,"href":"https:\/\/libreriapiemontese.com\/index.php?rest_route=%2Fwp%2Fv2%2Fautore&post=771"},{"taxonomy":"casa-editirice","embeddable":true,"href":"https:\/\/libreriapiemontese.com\/index.php?rest_route=%2Fwp%2Fv2%2Fcasa-editirice&post=771"},{"taxonomy":"product_brand","embeddable":true,"href":"https:\/\/libreriapiemontese.com\/index.php?rest_route=%2Fwp%2Fv2%2Fproduct_brand&post=771"},{"taxonomy":"product_cat","embeddable":true,"href":"https:\/\/libreriapiemontese.com\/index.php?rest_route=%2Fwp%2Fv2%2Fproduct_cat&post=771"},{"taxonomy":"product_tag","embeddable":true,"href":"https:\/\/libreriapiemontese.com\/index.php?rest_route=%2Fwp%2Fv2%2Fproduct_tag&post=771"}],"curies":[{"name":"wp","href":"https:\/\/api.w.org\/{rel}","templated":true}]}}